{"id":685,"date":"2024-08-01T08:42:57","date_gmt":"2024-08-01T08:42:57","guid":{"rendered":"https:\/\/volleyball-neutraubling.de\/?page_id=685"},"modified":"2026-02-19T15:43:33","modified_gmt":"2026-02-19T15:43:33","slug":"projekt-interreg-by-cz","status":"publish","type":"page","link":"https:\/\/volleyball-neutraubling.de\/index.php\/projekt-interreg-by-cz\/","title":{"rendered":"Projekt INTERREG BY &#8211; CZ"},"content":{"rendered":"\n<p>Im Jahr 2024 haben wir ein gemeinsames Projekt mit unserem Partnerverein aus Karlsbad<\/p>\n\n\n\n<p>Auch im Jahr 2025 wurde das Projekt fortgesetzt, da es bei allen Beteiligten super angekommen ist.<\/p>\n\n\n\n<p>Berichte und Infos zum Jahr 2024 gibt es hier und zum Jahr 2025 unter News\/Projekt INTERREG<\/p>\n\n\n\n<figure class=\"wp-block-image size-large\"><img loading=\"lazy\" decoding=\"async\" width=\"1024\" height=\"184\" src=\"https:\/\/volleyball-neutraubling.de\/wp-content\/uploads\/2024\/08\/INTERREG-1024x184.jpg\" alt=\"\" class=\"wp-image-689\" srcset=\"https:\/\/volleyball-neutraubling.de\/wp-content\/uploads\/2024\/08\/INTERREG-1024x184.jpg 1024w, https:\/\/volleyball-neutraubling.de\/wp-content\/uploads\/2024\/08\/INTERREG-300x54.jpg 300w, https:\/\/volleyball-neutraubling.de\/wp-content\/uploads\/2024\/08\/INTERREG-768x138.jpg 768w, https:\/\/volleyball-neutraubling.de\/wp-content\/uploads\/2024\/08\/INTERREG.jpg 1295w\" sizes=\"auto, (max-width: 1024px) 100vw, 1024px\" \/><\/figure>\n\n\n\n<figure class=\"wp-block-image size-full\"><img loading=\"lazy\" decoding=\"async\" width=\"91\" height=\"88\" src=\"https:\/\/volleyball-neutraubling.de\/wp-content\/uploads\/2024\/08\/Euregio-Egrensis.jpg\" alt=\"\" class=\"wp-image-691\"\/><\/figure>\n\n\n\n<p><\/p>\n\n\n\n<p><\/p>\n\n\n\n<p><\/p>\n\n\n\n<p><\/p>\n\n\n\n<p><\/p>\n\n\n\n<p>Erstes gemeinsames Wochenende f\u00fcr Kinder und Jugendliche der Volleyballabteilung des TSV Wacker 50 e.V. Neutraubling mit dem Partnerverein Volejbalovy klub Karlova Vary z.s. (Karlsbad) vom 27.-28.07.2024<\/p>\n\n\n\n<p>Im Jahr 2024 hat die Volleyballabteilung des TSV Neutraubling ein Projekt mit dem Partnerverein aus Karlsbad ausgearbeitet. Dieses Projekt wird vom Fonds f\u00fcr kleine Zusch\u00fcsse innerhalb des Programms INTERREG Bayern-Tschechische Republik 2021-2027 gef\u00f6rdert.<\/p>\n\n\n\n<p>Im Jahr 2024 sind 6 Treffen der beiden Volleyball-Abteilungen\/Klubs geplant. Das erste Treffen fand am Wochenende 27.\/28.07.2024 in Neutraubling statt. An dem Wochenende trafen sich die beiden Klubs mit den Jugendlichen der Jahrg\u00e4nge 2006 bis 2011. Von beiden Vereinen waren ja 12 Spielerinnen und je 2 Trainerinnen dabei.<\/p>\n\n\n\n<p>Die Neutraublingerinnen hatten sich ein sch\u00f6nes Programm ausgedacht. Nat\u00fcrlich wurde gemeinsam Volleyball gespielt\/trainiert, sowohl in der Halle als auch auf Sand (Beachvolleyball). Und zus\u00e4tzlich gab es noch einige gemeinsame Unternehmungen ausserhalb des Volleyballsports, da die Neutraublinger nat\u00fcrlich ihren G\u00e4sten auch die n\u00e4here Umgebung n\u00e4herbringen wollten.<\/p>\n\n\n\n<p>So ging es am Samstag nach dem gemeinsamen Mittagessen nach Regensburg, wo zuerst eine Strudelrundfahrt gemacht wurde und dann anschlie\u00dfende eine Stadtf\u00fchrung sowohl auf Deutsch als auch auf Tschechisch stattfand. Am Abend wurde dann gemeinsam trainiert und gespielt, um danach noch gemeinsam Abend zu essen.<\/p>\n\n\n\n<p>Am Sonntag wurde dann am Vormittag gemeinsam in der Halle trainiert und gespielt. Und nach dem gemeinsamen Mittagessen ging es dann zum Minigolf und danach wurde noch zusammen gebeacht.<\/p>\n\n\n\n<p>Allen Beteiligten gefiel das Wochenende super gut. Es war zwar anstrengend, da es wettertechnisch auch sehr hei\u00df war, aber die M\u00e4dels haben sich super untereinander verstanden und freuen sich schon riesig, sich in Karlsbad dann wieder zu sehen.<\/p>\n\n\n\n<p>Wichtig bei diesem Projekt ist es den beiden Vereinen, dass es sowohl ein sportlicher als auch ein kultureller Austausch ist und die M\u00e4dels viele Kontakte kn\u00fcpfen, die dann auch ausserhalb dieses Projektes bestehen bleiben. Beide Seiten sollen auch die Kultur des anderen Landes kennenlernen.<\/p>\n\n\n\n<p>Insgesamt gibt es 3 Treffen in Neutraubling und 3 Treffen in Karlsbad, jeweils mit unterschiedlichen Jugend- und Erwachsenengruppen.<\/p>\n\n\n\n<p>Wir finden, dies ist ein tolles Projekt, von dem beide Seiten profitieren k\u00f6nnen.<\/p>\n\n\n\n<p>Wir freuen uns auf die kommenden Wochenenden. Es hat super viel Spa\u00df gemacht.<\/p>\n\n\n\n<p>Allen Beteiligten, Organisatoren, Trainern und Betreuern auf beiden Seiten ein herzliches Dankesch\u00f6n f\u00fcr die tolle Zusammenarbeit. Ohne Euch w\u00fcrde es nicht gehen.<\/p>\n\n\n\n<figure class=\"wp-block-image size-full\"><img loading=\"lazy\" decoding=\"async\" width=\"739\" height=\"739\" src=\"https:\/\/volleyball-neutraubling.de\/wp-content\/uploads\/2024\/08\/IMG_20240801_101615_580.webp\" alt=\"\" class=\"wp-image-675\" srcset=\"https:\/\/volleyball-neutraubling.de\/wp-content\/uploads\/2024\/08\/IMG_20240801_101615_580.webp 739w, https:\/\/volleyball-neutraubling.de\/wp-content\/uploads\/2024\/08\/IMG_20240801_101615_580-300x300.webp 300w, https:\/\/volleyball-neutraubling.de\/wp-content\/uploads\/2024\/08\/IMG_20240801_101615_580-150x150.webp 150w\" sizes=\"auto, (max-width: 739px) 100vw, 739px\" \/><\/figure>\n\n\n\n<figure class=\"wp-block-image size-large\"><img loading=\"lazy\" decoding=\"async\" width=\"1024\" height=\"1024\" src=\"https:\/\/volleyball-neutraubling.de\/wp-content\/uploads\/2024\/08\/IMG_20240801_101615_756-1024x1024.webp\" alt=\"\" class=\"wp-image-676\" srcset=\"https:\/\/volleyball-neutraubling.de\/wp-content\/uploads\/2024\/08\/IMG_20240801_101615_756-1024x1024.webp 1024w, https:\/\/volleyball-neutraubling.de\/wp-content\/uploads\/2024\/08\/IMG_20240801_101615_756-300x300.webp 300w, https:\/\/volleyball-neutraubling.de\/wp-content\/uploads\/2024\/08\/IMG_20240801_101615_756-150x150.webp 150w, https:\/\/volleyball-neutraubling.de\/wp-content\/uploads\/2024\/08\/IMG_20240801_101615_756-768x768.webp 768w, https:\/\/volleyball-neutraubling.de\/wp-content\/uploads\/2024\/08\/IMG_20240801_101615_756.webp 1152w\" sizes=\"auto, (max-width: 1024px) 100vw, 1024px\" \/><\/figure>\n\n\n\n<figure class=\"wp-block-image size-large\"><img loading=\"lazy\" decoding=\"async\" width=\"1024\" height=\"1024\" src=\"https:\/\/volleyball-neutraubling.de\/wp-content\/uploads\/2024\/08\/IMG_20240801_101616_196-1024x1024.webp\" alt=\"\" class=\"wp-image-683\" srcset=\"https:\/\/volleyball-neutraubling.de\/wp-content\/uploads\/2024\/08\/IMG_20240801_101616_196-1024x1024.webp 1024w, https:\/\/volleyball-neutraubling.de\/wp-content\/uploads\/2024\/08\/IMG_20240801_101616_196-300x300.webp 300w, https:\/\/volleyball-neutraubling.de\/wp-content\/uploads\/2024\/08\/IMG_20240801_101616_196-150x150.webp 150w, https:\/\/volleyball-neutraubling.de\/wp-content\/uploads\/2024\/08\/IMG_20240801_101616_196-768x768.webp 768w, https:\/\/volleyball-neutraubling.de\/wp-content\/uploads\/2024\/08\/IMG_20240801_101616_196.webp 1440w\" sizes=\"auto, (max-width: 1024px) 100vw, 1024px\" \/><\/figure>\n\n\n\n<figure class=\"wp-block-image size-full\"><img loading=\"lazy\" decoding=\"async\" width=\"739\" height=\"739\" src=\"https:\/\/volleyball-neutraubling.de\/wp-content\/uploads\/2024\/08\/IMG_20240801_101616_450.webp\" alt=\"\" class=\"wp-image-674\" srcset=\"https:\/\/volleyball-neutraubling.de\/wp-content\/uploads\/2024\/08\/IMG_20240801_101616_450.webp 739w, https:\/\/volleyball-neutraubling.de\/wp-content\/uploads\/2024\/08\/IMG_20240801_101616_450-300x300.webp 300w, https:\/\/volleyball-neutraubling.de\/wp-content\/uploads\/2024\/08\/IMG_20240801_101616_450-150x150.webp 150w\" sizes=\"auto, (max-width: 739px) 100vw, 739px\" \/><\/figure>\n\n\n\n<figure class=\"wp-block-image size-large\"><img loading=\"lazy\" decoding=\"async\" width=\"1024\" height=\"1024\" src=\"https:\/\/volleyball-neutraubling.de\/wp-content\/uploads\/2024\/08\/IMG_20240801_101616_276-1024x1024.webp\" alt=\"\" class=\"wp-image-682\" srcset=\"https:\/\/volleyball-neutraubling.de\/wp-content\/uploads\/2024\/08\/IMG_20240801_101616_276-1024x1024.webp 1024w, https:\/\/volleyball-neutraubling.de\/wp-content\/uploads\/2024\/08\/IMG_20240801_101616_276-300x300.webp 300w, https:\/\/volleyball-neutraubling.de\/wp-content\/uploads\/2024\/08\/IMG_20240801_101616_276-150x150.webp 150w, https:\/\/volleyball-neutraubling.de\/wp-content\/uploads\/2024\/08\/IMG_20240801_101616_276-768x768.webp 768w, https:\/\/volleyball-neutraubling.de\/wp-content\/uploads\/2024\/08\/IMG_20240801_101616_276.webp 1440w\" sizes=\"auto, (max-width: 1024px) 100vw, 1024px\" \/><\/figure>\n\n\n\n<figure class=\"wp-block-image size-large\"><img loading=\"lazy\" decoding=\"async\" width=\"1024\" height=\"1024\" src=\"https:\/\/volleyball-neutraubling.de\/wp-content\/uploads\/2024\/08\/IMG_20240801_101615_659-1024x1024.webp\" alt=\"\" class=\"wp-image-677\" srcset=\"https:\/\/volleyball-neutraubling.de\/wp-content\/uploads\/2024\/08\/IMG_20240801_101615_659-1024x1024.webp 1024w, https:\/\/volleyball-neutraubling.de\/wp-content\/uploads\/2024\/08\/IMG_20240801_101615_659-300x300.webp 300w, https:\/\/volleyball-neutraubling.de\/wp-content\/uploads\/2024\/08\/IMG_20240801_101615_659-150x150.webp 150w, https:\/\/volleyball-neutraubling.de\/wp-content\/uploads\/2024\/08\/IMG_20240801_101615_659-768x768.webp 768w, https:\/\/volleyball-neutraubling.de\/wp-content\/uploads\/2024\/08\/IMG_20240801_101615_659.webp 1440w\" sizes=\"auto, (max-width: 1024px) 100vw, 1024px\" \/><\/figure>\n\n\n\n<figure class=\"wp-block-image size-large\"><img loading=\"lazy\" decoding=\"async\" width=\"1024\" height=\"1024\" src=\"https:\/\/volleyball-neutraubling.de\/wp-content\/uploads\/2024\/08\/IMG_20240801_101616_373-1024x1024.webp\" alt=\"\" class=\"wp-image-678\" srcset=\"https:\/\/volleyball-neutraubling.de\/wp-content\/uploads\/2024\/08\/IMG_20240801_101616_373-1024x1024.webp 1024w, https:\/\/volleyball-neutraubling.de\/wp-content\/uploads\/2024\/08\/IMG_20240801_101616_373-300x300.webp 300w, https:\/\/volleyball-neutraubling.de\/wp-content\/uploads\/2024\/08\/IMG_20240801_101616_373-150x150.webp 150w, https:\/\/volleyball-neutraubling.de\/wp-content\/uploads\/2024\/08\/IMG_20240801_101616_373-768x768.webp 768w, https:\/\/volleyball-neutraubling.de\/wp-content\/uploads\/2024\/08\/IMG_20240801_101616_373.webp 1152w\" sizes=\"auto, (max-width: 1024px) 100vw, 1024px\" \/><\/figure>\n\n\n\n<figure class=\"wp-block-image size-large\"><img loading=\"lazy\" decoding=\"async\" width=\"1024\" height=\"1024\" src=\"https:\/\/volleyball-neutraubling.de\/wp-content\/uploads\/2024\/08\/IMG_20240801_101616_013-1024x1024.webp\" alt=\"\" class=\"wp-image-679\" srcset=\"https:\/\/volleyball-neutraubling.de\/wp-content\/uploads\/2024\/08\/IMG_20240801_101616_013-1024x1024.webp 1024w, https:\/\/volleyball-neutraubling.de\/wp-content\/uploads\/2024\/08\/IMG_20240801_101616_013-300x300.webp 300w, https:\/\/volleyball-neutraubling.de\/wp-content\/uploads\/2024\/08\/IMG_20240801_101616_013-150x150.webp 150w, https:\/\/volleyball-neutraubling.de\/wp-content\/uploads\/2024\/08\/IMG_20240801_101616_013-768x768.webp 768w, https:\/\/volleyball-neutraubling.de\/wp-content\/uploads\/2024\/08\/IMG_20240801_101616_013.webp 1440w\" sizes=\"auto, (max-width: 1024px) 100vw, 1024px\" \/><\/figure>\n\n\n\n<figure class=\"wp-block-image size-large\"><img loading=\"lazy\" decoding=\"async\" width=\"1024\" height=\"1024\" src=\"https:\/\/volleyball-neutraubling.de\/wp-content\/uploads\/2024\/08\/IMG_20240801_101616_132-1024x1024.webp\" alt=\"\" class=\"wp-image-680\" srcset=\"https:\/\/volleyball-neutraubling.de\/wp-content\/uploads\/2024\/08\/IMG_20240801_101616_132-1024x1024.webp 1024w, https:\/\/volleyball-neutraubling.de\/wp-content\/uploads\/2024\/08\/IMG_20240801_101616_132-300x300.webp 300w, https:\/\/volleyball-neutraubling.de\/wp-content\/uploads\/2024\/08\/IMG_20240801_101616_132-150x150.webp 150w, https:\/\/volleyball-neutraubling.de\/wp-content\/uploads\/2024\/08\/IMG_20240801_101616_132-768x768.webp 768w, https:\/\/volleyball-neutraubling.de\/wp-content\/uploads\/2024\/08\/IMG_20240801_101616_132.webp 1440w\" sizes=\"auto, (max-width: 1024px) 100vw, 1024px\" \/><\/figure>\n","protected":false},"excerpt":{"rendered":"<p>Im Jahr 2024 haben wir ein gemeinsames Projekt mit unserem Partnerverein aus Karlsbad Auch im [&hellip;]<\/p>\n","protected":false},"author":1,"featured_media":0,"parent":0,"menu_order":0,"comment_status":"closed","ping_status":"closed","template":"","meta":{"footnotes":""},"class_list":["post-685","page","type-page","status-publish","hentry"],"_links":{"self":[{"href":"https:\/\/volleyball-neutraubling.de\/index.php\/wp-json\/wp\/v2\/pages\/685","targetHints":{"allow":["GET"]}}],"collection":[{"href":"https:\/\/volleyball-neutraubling.de\/index.php\/wp-json\/wp\/v2\/pages"}],"about":[{"href":"https:\/\/volleyball-neutraubling.de\/index.php\/wp-json\/wp\/v2\/types\/page"}],"author":[{"embeddable":true,"href":"https:\/\/volleyball-neutraubling.de\/index.php\/wp-json\/wp\/v2\/users\/1"}],"replies":[{"embeddable":true,"href":"https:\/\/volleyball-neutraubling.de\/index.php\/wp-json\/wp\/v2\/comments?post=685"}],"version-history":[{"count":8,"href":"https:\/\/volleyball-neutraubling.de\/index.php\/wp-json\/wp\/v2\/pages\/685\/revisions"}],"predecessor-version":[{"id":1112,"href":"https:\/\/volleyball-neutraubling.de\/index.php\/wp-json\/wp\/v2\/pages\/685\/revisions\/1112"}],"wp:attachment":[{"href":"https:\/\/volleyball-neutraubling.de\/index.php\/wp-json\/wp\/v2\/media?parent=685"}],"curies":[{"name":"wp","href":"https:\/\/api.w.org\/{rel}","templated":true}]}}